be ((-28)/(-8) - 2)/((-12)/(-8)). Let b = 87 + f. What is the tens digit of b?
8
Let u = 15 - 12. Suppose s - b - 16 = 0, u*s - b = -5*b + 48. What is the units digit of 312/14 - s/56?
2
Suppose -16 - 4 = 5*t. What is the hundreds digit of 1*(-52)/1*(t + 2)?
1
Suppose -15671 + 2576 = 9*n. What is the tens digit of 2*(-2)/(-5)*n/(-6)?
9
Let p(d) be the third derivative of 7/24*d**4 + 1/12*d**5 + 0 + 1/3*d**3 + 0*d - 1/120*d**6 + 9*d**2. What is the units digit of p(5)?
7
Let u(k) = -132*k + 95. What is the hundreds digit of u(-16)?
2
Suppose -11*v + 25473 = 3484. What is the thousands digit of v?
1
Let d be (-5 + 2 + 4)*-5. Let t be (d - -2) + 1 - 0. What is the units digit of -3 - -5*t/(-2)?
2
Let i(h) = 2*h**2 + 3*h - 5. Let w(n) = n**2 - 2*n - 4. Suppose 2*v - 23 = -3*t, 17 = -5*v - 2*t + 47. Let y be w(v). What is the tens digit of i(y)?
3
Let g = 792 + -532. What is the tens digit of g?
6
Suppose 3*o + 5*x = 258, 3*x - 5 = 4. Suppose -86*c = -o*c - 970. What is the hundreds digit of c?
1
Suppose -8*l - 4 = -4. Suppose -d - 2*r + 91 = -l*r, 3*d - 273 = -r. What is the tens digit of d?
9
Let d(t) = -t - 22. Let r(w) = -w + 1. Let j(f) = 2*d(f) + 4*r(f). What is the units digit of j(-18)?
8
Let p(g) be the first derivative of -g**4/4 - 19*g**3/3 + 3*g**2/2 - 23*g + 6. What is the units digit of p(-20)?
7
Let r be (8 + -5 + 21/(-6))*-38. Suppose -n = 3*w - 11 - r, -3*n = 3*w - 60. What is the tens digit of n?
1
Let z = 212 + 131. What is the hundreds digit of z?
3
Suppose 3*z = -3*z + 480. Suppose 0 = -3*t + 2*i - 4*i + 11, 0 = -3*i - 15. Suppose -z = -t*n + 200. What is the units digit of n?
0
Let v = -2252 + 4706. What is the hundreds digit of v?
4
Suppose -7860 = -4*g - 4*s, -5*s - 170 = -145. What is the hundreds digit of g?
9
Let m(b) = -b**3 - 2. Let f be m(0). Let r(s) = -4*s - 2. Let x be r(f). What is the units digit of x/36 - (-263)/6?
4
What is the tens digit of (-97)/(124/(-60) - -2) + -3?
5
Suppose -49*d - 25444 + 121876 = 0. What is the hundreds digit of d?
9
Let x be (-4)/(-22) + -21*(-434)/(-33). What is the units digit of ((2/(-6))/(-1))/((-2)/x)?
6
Let u(t) = -9*t**2 + 2*t - 1. Let k be u(1). What is the tens digit of (-104)/(-14)*(-28)/k?
2
Let i be 67 + (-1 + 1 - 3). Let u = 144 - i. What is the units digit of u?
0
Let x = 1518 - 606. What is the tens digit of x?
1
What is the units digit of (27/108)/(995/(-332) - -3)?
3
Suppose -32 = 4*f - 4*j + 36, j = -4*f - 48. Let v = -6 - -1. Let m = v - f. What is the units digit of m?
8
Suppose -8057 = -29*m + 3224. What is the tens digit of m?
8
Let y be -3 + (1 + -24 - -1). Let s = y + 24. What is the tens digit of s + 8/6*39?
5
Suppose 3*h + 5*y - 3532 - 1952 = 0, 0 = 4*h - y - 7335. What is the units digit of h?
3
Let n(m) = -m**3 - m + 573. What is the hundreds digit of n(0)?
5
Let a be 4*3/(-12)*-3. Suppose -a*j - 20 = -j. What is the units digit of (42/(-9))/(j/75)?
5
Let c be (-1 - 15/(-6))*2. Suppose -c*t + 120 = -3*v, t - 130 = -3*t - 2*v. What is the units digit of t?
5
Suppose -k = -3*z - 17, -4*k - 2*z = -0 + 2. Suppose k*s - 37 = -7. What is the units digit of s?
5
Let c(q) = 4*q - 13*q**3 + 19*q**3 - 7*q**3 - 19 + 22*q**2. What is the units digit of c(22)?
9
Let s(g) = -3*g - 2*g - 5 - g**2 + 3. Let n be s(-3). What is the tens digit of 255/10*n/6?
1
Suppose j = 2*j - 99. Let y = j + -71. What is the units digit of (21/y)/(1/4)?
3
Suppose 2*a + 5*j - 3356 = 0, -14 + 2 = -3*j. What is the thousands digit of a?
1
Let g(f) = -9 - 4 - 6*f + 4 - 8. Suppose -13*x = 17 + 61. What is the tens digit of g(x)?
1
Let p(h) = 17*h - 36. Suppose 0*y + 5*m + 65 = 5*y, 2*y + 5*m = 5. What is the units digit of p(y)?
4
What is the hundreds digit of (13091/(-76))/((-2)/8)?
6
Let h be (-1)/(17/(-2)) + (-138660)/(-510). Suppose 12*o - h = 160. What is the tens digit of o?
3
Let w(x) = x**3 + 21*x**2 + 28*x - 67. What is the units digit of w(-14)?
3
Suppose 5*q + 3*d - 2359 = 0, 931 = 3*q - q - 3*d. What is the tens digit of q?
7
Suppose 0 = -4*t - 2*c + 297 + 355, 2*t + 4*c - 326 = 0. What is the units digit of t?
3
Suppose 9 = -3*z + 6*z. Let w(b) = -b**3 + 14*b**2 - 12*b + 1. Let s be w(9). Suppose q - z*d = 74, 0 = -5*q - 3*d - 0*d + s. What is the tens digit of q?
6
Let w = -94 - -90. Let x(m) = -33*m. What is the tens digit of x(w)?
3
Suppose 15 = 5*h - n, 0*h + 4*n = -h + 3. Let t be 2/h + (-50)/(-15). Suppose -t*l + 103 = -3*d + 13, -5*l - 2*d = -101. What is the tens digit of l?
2
Let k(w) = 281*w**2 + 3*w + 2. Let h be k(-4). Let a = 3170 - h. What is the tens digit of ((-1)/4)/(7/a)?
4
Suppose 2*m = -5*o - 300, -7*o = -9*o. Let f = m + 353. What is the tens digit of f?
0
Suppose l + t + 5 = 0, 0*l + 4*l - 10 = 2*t. Suppose -o - o + 216 = l. What is the tens digit of o?
0
Let w = -1260 + 1298. What is the units digit of w?
8
What is the tens digit of (3 + (-15)/2)*226/(-3)?
3
Suppose 6*n + 3*d = 3*n + 5232, 8704 = 5*n - 3*d. What is the hundreds digit of n?
7
Let u(q) = q**3 + 21*q**2 - 8*q - 9. What is the units digit of u(-18)?
7
Let a be (-2 + (-13)/(-3))*-36. Let o = -3 - -4. What is the tens digit of (-1)/(3/a*o)?
2
Let b = -16 - -46. Suppose b = -d + 5*y + 76, -3*y + 3 = 0. What is the units digit of d?
1
Let a = 88 - 132. Let x = 240 - a. What is the tens digit of x?
8
Let k = 2 + 3. Suppose -235 = -k*s + 9*c - 4*c, 0 = c. Let q = -32 + s. What is the tens digit of q?
1
Suppose -q = 3*x - 11, -x = -3*x + 3*q - 11. Suppose -5*a = -x*a. Suppose 2*h - 74 = -a*h. What is the units digit of h?
7
Suppose -36*b + 1715 = 3*o - 40*b, 4*o = -2*b + 2316. What is the units digit of o?
7
Let f be -4*(-24)/20*5. Let i = f + 44. What is the tens digit of i?
6
Let w = 1298 - -680. What is the hundreds digit of w?
9
Let t = 31 - -19. Let v(o) = o**2 - 7*o - 29. Let d be v(9). Let x = d + t. What is the tens digit of x?
3
Let h = 18 + -22. Let d(k) = 4*k**2 + 2*k + 2. Let t(s) = -5*s**2 - s - 2. Let v(o) = 3*d(o) + 2*t(o). What is the tens digit of v(h)?
1
Let k(z) = 9*z**2 - 96*z + 34. What is the thousands digit of k(-15)?
3
Let m(z) = -57*z**3 - 4*z**2 - 7*z - 35. What is the hundreds digit of m(-3)?
4
Let u(n) = -7*n - 52. Let f(t) = -t**3 + t**2 - 27. Let q be f(0). What is the tens digit of u(q)?
3
Suppose -4*u = -y + 855, 4*y = 2*y - 5*u + 1749. What is the units digit of y?
7
Suppose 3*h = 9*h. Suppose 5*w - 26 + 225 = 2*j, h = 4*w - 12. What is the hundreds digit of j?
1
Let g(z) = -z**2 - 15*z + 122. Let d be g(6). Let l(n) = 4*n**2 - 5*n - 1 - n**3 - n + 2*n**3. What is the units digit of l(d)?
3
Let h = -8 - -8. Suppose j + h*j - 6 = 0. Suppose -w + j*w = 10. What is the units digit of w?
2
Suppose -4*k = -3*k + 2*t, 3*k = -5*t. Suppose k = -4*c + c + 297. What is the tens digit of c?
9
Let y = -77 - -113. Let x = y + 172. What is the tens digit of x?
0
Let p = -1288 + 3839. What is the units digit of p?
1
Let y = -193 - -28. Let v = 29 - y. What is the hundreds digit of v?
1
Suppose 11*q = 10*q + 12. Let d be -18*((-20)/q + 1). What is the units digit of ((-3)/4)/((-3)/d)?
3
Suppose -54*x + 20302 = -19982. What is the units digit of x?
6
Let r(h) = h**3 - 6*h**2 - 2*h + 5. What is the units digit of r(7)?
0
Let c(z) = 13*z**2 + 6*z - 67. What is the hundreds digit of c(-8)?
7
Let q = -116 - -120. What is the hundreds digit of q/6 - (-2 - 4254/18)?
2
Let i = -27 - 37. Let r = i + 93. What is the units digit of r?
9
Suppose -2*x - 3*r + 174 = -x, 0 = -2*x - r + 358. What is the units digit of x?
0
Let w be (2/(-6))/1*-3. What is the hundreds digit of (6/18)/(1*w/447)?
1
Suppose 4*b - 20 = l, 58 - 38 = 4*b + l. Let y(g) be the third derivative of g**5/60 - 5*g**4/24 + 3*g**3/2 + 2*g**2. What is the units digit of y(b)?
9
Suppose 0 = 8*f + 10*f + 666. Suppose -484 = -3*z - 2*z + 3*k, 4*z - 2*k - 386 = 0. Let d = z + f. What is the units digit of d?
8
Let f(a) = -111*a. Suppose -23 = 8*b - 7. What is the tens digit of f(b)?
2
Let l = 15 + -10. Let r(g) = -5 + 18 + l*g + 0 + g**2. What is the units digit of r(-7)?
7
Let z(f) = -379*f**3 - f**2 + 3*f + 3. What is the units digit of z(-1)?
8
Suppose 5*j + 3*i = 58 + 2716, j - 550 = -3*i. What is the units digit of j?
6
Suppose 0 = 16*c - 25879 + 231. What is the units digit of c?
3
Let v be (3/(-4))/((-8)/(-1312)). Let r = v + 186